 factors of 98395463.
29, 67, 89, 569
What are the prime factors of 471942418?
2, 235971209
What are the prime factors of 52410997?
23, 41, 55579
List the prime factors of 1663029929.
11, 19, 65761
What are the prime factors of 94760040?
2, 3, 5, 17, 46451
List the prime factors of 317553598.
2, 7019, 22621
List the prime factors of 244983940.
2, 5, 17, 317, 2273
What are the prime factors of 538767978?
2, 3, 7, 17, 754577
List the prime factors of 1740919408.
2, 17, 53, 120763
What are the prime factors of 1118259691?
29, 38560679
List the prime factors of 27847957.
27847957
What are the prime factors of 59520475?
5, 7, 340117
What are the prime factors of 7825978?
2, 139, 28151
What are the prime factors of 20796091?
653, 31847
What are the prime factors of 62083640?
2, 5, 19, 81689
What are the prime factors of 70493024?
2, 7, 389, 809
List the prime factors of 52033954.
2, 7, 1373, 2707
What are the prime factors of 311910887?
547, 570221
List the prime factors of 221512780.
2, 5, 43, 307, 839
What are the prime factors of 1184794339?
1184794339
List the prime factors of 374299543.
73, 1153, 4447
List the prime factors of 5128963401.
3, 4019, 425393
What are the prime factors of 338824700?
2, 5, 101, 33547
List the prime factors of 44195272.
2, 11, 173, 2903
What are the prime factors of 23277052?
2, 19, 163, 1879
What are the prime factors of 45101148?
2, 3, 29, 41, 109
List the prime factors of 153853216.
2, 11, 437083
List the prime factors of 2424300440.
2, 5, 19, 31, 43, 2393
List the prime factors of 119014905.
3, 5, 577, 13751
List the prime factors of 677271246.
2, 3, 757, 149113
List the prime factors of 440716585.
5, 17, 41, 126461
What are the prime factors of 7863465?
3, 5, 524231
List the prime factors of 4471645006.
2, 1217, 1837159
What are the prime factors of 241115570?
2, 5, 29, 831433
List the prime factors of 122457804.
2, 3, 7, 59, 24709
List the prime factors of 22449201.
3, 593, 12619
List the prime factors of 4082668670.
2, 5, 281, 1452907
List the prime factors of 96704091.
3, 11, 19, 17137
List the prime factors of 32775406.
2, 16387703
List the prime factors of 87140836.
2, 23, 947183
What are the prime factors of 525371149?
525371149
What are the prime factors of 486120556?
2, 4159, 29221
What are the prime factors of 397790149?
9431, 42179
List the prime factors of 3519265975.
5, 19, 1091, 6791
List the prime factors of 265724415.
3, 5, 11, 178939
List the prime factors of 335064646.
2, 7, 3419027
What are the prime factors of 399550878?
2, 3, 31, 83, 8627
What are the prime factors of 70941364?
2, 13, 19, 59, 1217
List the prime factors of 122263122.
2, 3, 107, 157, 1213
What are the prime factors of 154700344?
2, 1747, 11069
What are the prime factors of 36683206?
2, 7, 23, 37, 3079
What are the prime factors of 13130549?
13130549
List the prime factors of 27710220.
2, 3, 5, 421, 1097
What are the prime factors of 9181562?
2, 13, 353137
List the prime factors of 4416057148.
2, 71, 389, 563
What are the prime factors of 6735318265?
5, 13, 19, 5453699
List the prime factors of 225358020.
2, 3, 5, 293, 4273
What are the prime factors of 2457161887?
211, 11645317
What are the prime factors of 173405980?
2, 5, 11, 788209
List the prime factors of 355610680.
2, 5, 8890267
What are the prime factors of 740335238?
2, 1193, 310283
List the prime factors of 256919996.
2, 73, 879863
List the prime factors of 1359255616.
2, 41, 547, 947
What are the prime factors of 277705240?
2, 5, 6942631
What are the prime factors of 2869757252?
2, 389, 1844317
What are the prime factors of 2820331473?
3, 940110491
List the prime factors of 35045053.
35045053
List the prime factors of 9598672.
2, 113, 5309
What are the prime factors of 2486807242?
2, 23, 67, 12043
List the prime factors of 96883867.
17, 29, 196519
List the prime factors of 3499908368.
2, 11, 107, 185849
What are the prime factors of 772453882?
2, 6637, 58193
What are the prime factors of 154472928?
2, 3, 37, 157, 277
What are the prime factors of 195640068?
2, 3, 13, 281, 4463
What are the prime factors of 105562227?
3, 113, 311393
What are the prime factors of 14781208?
2, 13, 311, 457
List the prime factors of 289020253.
15671, 18443
List the prime factors of 1148530591.
13, 17, 149, 2683
What are the prime factors of 20809727?
1201, 17327
List the prime factors of 306108523.
7, 43729789
What are the prime factors of 1148045217?
3, 11, 3162659
What are the prime factors of 170239370?
2, 5, 7, 257, 9463
What are the prime factors of 54938794?
2, 59, 67, 6949
What are the prime factors of 1507547344?
2, 94221709
List the prime factors of 891868368.
2, 3, 18580591
What are the prime factors of 37545094?
2, 41, 53, 163
List the prime factors of 1841060535.
3, 5, 122737369
List the prime factors of 210435967.
7, 31, 47, 439
List the prime factors of 82513705.
5, 157, 257, 409
List the prime factors of 5173660418.
2, 2586830209
List the prime factors of 32912634.
2, 3, 73, 163, 461
List the prime factors of 130915439.
130915439
What are the prime factors of 7413840126?
2, 3, 7, 11, 486281
List the prime factors of 188483184.
2, 3, 1308911
What are the prime factors of 1814726867?
241, 7529987
What are the prime factors of 531045598?
2, 265522799
List the prime factors of 338537555.
5, 719, 94169
What are the prime factors of 178160127?
3, 47, 1263547
List the prime factors of 243092811.
3, 13, 479473
What are the prime factors of 4973904727?
11, 17, 53, 557
What are the prime factors of 1007424793?
421, 691, 3463
List the prime factors of 4486641.
3, 19, 78713
List the prime factors of 3998922.
2, 3, 97, 6871
List the prime factors of 49534216.
2, 19, 325883
List the prime factors of 99264534.
2, 3, 16544089
List the prime factors of 35693563.
35693563
What are the prime factors of 39796636?
2, 11, 71, 12739
What are the prime factors of 44023295?
5, 151, 58309
What are the prime factors of 222852536?
2, 27856567
List the prime factors of 18674841.
3, 263, 23669
List the prime factors of 1207318996.
2, 13, 83, 279731
List the prime factors of 173419061.
19, 9127319
What are the prime factors of 2118358?
2, 11, 96289
List the prime factors of 376462665.
3, 5, 8365837
List the prime factors of 160287096.
2, 3, 6678629
What are the prime factors of 18325985?
5, 83, 44159
What are the prime factors of 287491183?
7, 823, 7129
List the prime factors of 3009545381.
13063, 230387
List the prime factors of 1657243080.
2, 3, 5, 19, 73, 3319
List the prime factors of 15019731.
3, 281, 5939
What are the prime factors of 1192797014?
2, 596398507
What are the prime factors of 52698652?
2, 1877, 7019
List the prime factors of 400002893.
37, 10810889
List the prime factors of 9156370.
2, 5, 17, 53861
What are the prime factors of 202622722?
2, 101311361
List the prime factors of 144577647.
3, 1033, 15551
What are the prime factors of 807200601?
3, 43, 1409, 4441
What are the prime factors of 163707773?
17, 97, 99277
What are the prime factors of 2597730908?
2, 101, 6430027
What are the prime factors of 1077861950?
2, 5, 11, 163, 1093
What are the prime factors of 1674153803?
7, 239164829
List the prime factors of 4696691525.
5, 4937, 38053
List the prime factors of 1524509650.
2, 5, 19, 1604747
List the prime factors of 131095460.
2, 5, 6554773
What are the prime factors of 17818868?
2, 89, 50053
List the prime factors of 8340861.
3, 239, 11633
What are the prime factors of 45362841?
3, 15120947
What are the prime factors of 60168255?
3, 5, 7, 573031
What are the prime factors of 117049187?
117049187
List the prime factors of 1178125054.
2, 31, 191, 99487
What are the prime factors of 3437493739?
3437493739
List the prime factors of 274675698.
2, 3, 11, 17, 9067
What are the prime factors of 936698268?
2, 3, 11, 751, 859
List the prime factors of 6860398.
2, 67, 51197
List the prime factors of 2080758918.
2, 3, 7, 2503, 19793
What are the prime factors of 18664760?
2, 5, 466619
What are the prime factors of 30318638?
2, 7, 2165617
What are the prime factors of 3439064?
2, 53, 8111
List the prime factors of 46576477.
31, 1502467
List the prime factors of 253111484.
2, 63277871
What are the prime factors of 37463650?
2, 5, 7, 29, 3691
List the prime factors of 322941028.
2, 2791, 2892